o be h(w). What is the greatest common divisor of o and 112?
28
Let d be 2 - (16 + -24) - -330. What is the greatest common divisor of d and 85?
85
Suppose -37*d + 34*d - 3*t + 27 = 0, 5*t = 5*d - 65. Suppose -3 = 2*u + 23. Let f(z) = -z - 12. Let v be f(u). Calculate the greatest common factor of d and v.
1
Let j = 144 - 59. Suppose 12*v + 36*v - 24*v - 14280 = 0. Calculate the highest common divisor of v and j.
85
Let p(c) = 8*c - 42. Let b be p(8). Suppose -5*s = -3*h - 34, 4*s + 4*h - b = 9*h. Calculate the greatest common divisor of s and 12.
4
Suppose -5*y = 5, 4*r - 2*y - 149 = 605. What is the highest common divisor of r and 24064?
188
Suppose 2*u + 156 = 3*n, n = u + 72 - 20. Suppose -12*b + 14*b - 52 = 0. What is the highest common factor of n and b?
26
Let p = 389 + -389. Suppose 4*x + 16 = p, -3*x - 22 = -2*f - 0*x. Calculate the greatest common divisor of 13 and f.
1
Let h = 2036 + -1949. Calculate the highest common divisor of h and 812.
29
Suppose -i + 2*i + o = 22, 5*o + 52 = i. Let s be (-1 - -17*5)/((-4)/(-4)). Let q = s - i. What is the greatest common divisor of 38 and q?
19
Let o(r) = 46*r - 22. Let f be o(-3). Let a be -5 + (f/4)/5*-5. Let p = 720 - 475. Calculate the highest common divisor of a and p.
35
Suppose 0 = 4*w + 2*m + m - 140, -3*w + m = -105. What is the greatest common divisor of w and 4375?
35
Let f = -1648 - -1896. What is the greatest common factor of 217 and f?
31
Suppose -4*s = -12, 0 = -5*m - s + 387 + 136. Calculate the highest common factor of m and 1625.
13
Let b be 5/(-15)*12 + 8. Calculate the greatest common divisor of 42 and b.
2
Let z(x) = 37*x - 169. Let o be z(24). Suppose -p + 2623 - o = 4*v, 2*v - 952 = 4*p. What is the greatest common factor of 17 and v?
17
Let l = -20680 + 20923. Calculate the highest common divisor of 159 and l.
3
Suppose -13600 = 1495*m - 1580*m. What is the greatest common divisor of 17040 and m?
80
Let i = 41 + -9. Suppose i = -c + 3*c. Suppose j = -5*z + 13, -2*z - 4*j + 14 = 34. What is the highest common divisor of z and c?
4
Suppose 69*i = -22*i + 35035. What is the highest common divisor of 875 and i?
35
Suppose -2*y = 12, -5*f + 94*y = 93*y - 21216. What is the greatest common divisor of 84 and f?
42
Let k = -22 - -25. Suppose -1 = -k*d + 8. Suppose 0 = q - 5*s - 32, -8*q - 5*s + 10 = -d*q. What is the highest common factor of 14 and q?
7
Suppose -4*t = -7*t + 384. Suppose 0 = 3*v + 2*p - 192, 5*v - 121*p = -123*p + 320. What is the greatest common factor of v and t?
64
Let v = 2717 - 2639. Calculate the highest common factor of 15 and v.
3
Suppose 5*r - 42*r = -305550 + 22278. Calculate the highest common factor of 1320 and r.
264
Suppose -2*w + 33 = 35, 2*w = -y - 78. Let x = y + 89. What is the highest common divisor of 143 and x?
13
Let f be (16*-2)/((3555/(-945))/79). Let q(h) = -4*h - 3. Let d be q(-6). What is the highest common factor of d and f?
21
Let r be ((-1)/9)/(4/6) - (-13 + (-9599)/174). Suppose 4*b = -5*u + 1882, 0 = b + 3 - 6. Calculate the greatest common divisor of r and u.
34
Let b(v) = 2*v**2 + 8*v - 24. Suppose 0 = -11*u + 14*u + 36. Let a be -2 - ((-57)/(-12) - 3/u). Let c be b(a). Calculate the greatest common factor of c and 18.
18
Let y = 15759 - 15667. Calculate the highest common factor of 690 and y.
46
Let a(y) = -5*y - 5. Let j be a(-1). Suppose o - 12 - 8 = j. Suppose -20*l - 320 = -22*l. Calculate the greatest common divisor of l and o.
20
Suppose 0 = 4*o + 2*s - 388, -o = -0*o - 4*s - 97. Let c = -74 + 91. Suppose 2*v = o - c. Calculate the greatest common divisor of v and 16.
8
Suppose 923168 = -10*h + 923318. Let q be ((-180)/(-2))/((-3)/(-2)). What is the highest common divisor of q and h?
15
Suppose -69*o + 3520 = -49*o. What is the greatest common factor of 55 and o?
11
Let p be 1/(-3) + (-146)/(-6). Let c be (-2)/8 + ((-2570)/(-120))/(1/3). Calculate the greatest common factor of c and p.
8
Let i be ((-9)/6)/((-3)/402). Let k = -56 - -58. Suppose -2*x + v = -195, -v + 0*v + i = k*x. What is the highest common factor of x and 11?
11
Let f be 4*5 - (-85)/(-340)*(11 - -1). Suppose -29 - 583 = -4*y. What is the greatest common divisor of y and f?
17
Let x(z) = -2*z**2 + 50*z + 6. Let g be x(25). Let m be -3 + 14/g*15. What is the greatest common factor of m and 224?
32
Let y be 13/((-325)/(-12140)) - (-4)/10. Let c(f) = 12*f - 36. Let j be c(6). Calculate the greatest common divisor of y and j.
18
Suppose 0 = -4*y + 3*w + 228, 725*y - 727*y + 3*w + 102 = 0. Let z(c) = -7*c**3 + c**2 - 1. Let j be z(-1). Calculate the greatest common factor of y and j.
7
Suppose 11*f - 286*f = -8250. Calculate the highest common divisor of f and 3090.
30
Let w(x) = 92*x + 796. Let r be w(-5). Calculate the highest common divisor of r and 231.
21
Suppose 22*j - 13*j - 144 = 0. Let g = 46 - -21. Let u be (-5)/((-5)/g) + -3. What is the greatest common divisor of j and u?
16
Let v = -376 - -404. Suppose 0 = -0*c - 5*c + 20. Let d be (-42)/(c/(-72)*3). Calculate the greatest common divisor of d and v.
28
Suppose 4*p + 19 - 109 = 5*v, -2*v = 5*p - 162. What is the greatest common divisor of p and 330?
30
Suppose 2*p = 5 - 65. Suppose 23*u + 77 = 261. Let t be (3 - 36/u)*p. Calculate the greatest common divisor of t and 9.
9
Let u be 0 - -1 - (15 + (-5 - 1)). Let m be (6/u)/((-2)/(128*-2)). Let h = 250 + m. Calculate the greatest common factor of 14 and h.
14
Suppose 0 = -5*r + 15, -3*r - 2*r = 2*b - 239. Suppose -84*y - 95*y + 28700 = 26*y. Calculate the highest common factor of b and y.
28
Suppose -28*s + 1944 = -s. Let a be 2*1 + (-32)/s*-9. Calculate the greatest common divisor of a and 18.
6
Suppose 3*q = -9 - 0, 2*l = 2*q + 60. Let m be (-11)/(-22) + 1779/6. Calculate the highest common divisor of l and m.
27
Suppose -3*p = -4*i + 1784, 2*i = 4*p + 987 - 85. Suppose -5*b + 877 = 2*c, c - 5*b - i = -3*b. What is the highest common factor of 49 and c?
49
Let j be 10317/11 + 1/11. What is the greatest common divisor of 28 and j?
14
Let o = 257 + -257. Suppose o*u - 51 = -5*u + 2*r, 3*r - 6 = 0. What is the greatest common factor of u and 407?
11
Let y be ((-52)/(-5))/(2040/200 + -10). What is the greatest common divisor of 39 and y?
13
Let g = 4000 + -3898. Calculate the greatest common divisor of 144 and g.
6
Let a(u) = u**3 - 26*u**2 - 24*u. Let f be a(26). Let n = f - -647. What is the highest common divisor of n and 368?
23
Suppose -3 = -3*h, 3*q - 5*h + 89 = -6*h. Let y be (((-640)/q)/8)/((-1)/(-6)). Calculate the greatest common factor of y and 40.
8
Suppose -u = 3*t - 5483, -4*t + 7298 = 23*u - 28*u. What is the greatest common factor of 63 and t?
63
Suppose f - 12 = -8. Suppose -c + f = 3*c, 2*d - 1332 = -4*c. Suppose 5*u = 3*j - 7*j + d, -4*j - 128 = -u. Calculate the highest common divisor of 12 and u.
12
Let d be (12/(-16))/(6/(-16)). Suppose d*k + 20 = 44. What is the highest common divisor of 444 and k?
12
Let k(i) = 18*i + 384. Let f be k(-20). Calculate the greatest common factor of 1002 and f.
6
Let v(f) = 5*f**3 + 58*f**2 - 15*f + 112. Let n be v(-12). Calculate the highest common factor of 2116 and n.
4
Let p(h) = h + 527. Let o be p(0). Let l be (-900)/60 + 0 + 46. What is the highest common factor of o and l?
31
Suppose 266 = 2*m - 2*o, -3*m - 589*o + 402 = -591*o. What is the highest common divisor of m and 3196?
68
Let l(b) = b**3 - 35*b + 28. Let o be l(0). Calculate the highest common factor of 4760 and o.
28
Let q = -260 - -800. Suppose -3*k + 3*p = -39, 3*p = -8*k + 3*k + 105. Calculate the highest common divisor of k and q.
18
Let y = -60 - -78. Suppose -4*t + y = 2*t. Suppose -5*v + 493 = t*u - u, 20 = 4*v. What is the greatest common divisor of u and 26?
26
Let c(b) = -b - 36. Suppose -8 = i - 5*k + 8, 4*i + 5*k + 64 = 0. Let q be c(i). Let r = q - -24. What is the highest common divisor of 32 and r?
4
Let d = 1116 - -5173. Calculate the highest common divisor of 19 and d.
19
Suppose 4*r + 5 + 11 = 0. Let l be (r - 26/(-7))*7/(-2). Suppose -q = 3*o - 7 - l, -3*o = -q - 4. Calculate the highest common divisor of 8 and o.
2
Let k be 5 + 12 - (-443 - -108). Let a be (22/(-5))/((-3)/15). What is the highest common factor of a and k?
22
Suppose -233 = -10*m + 137. Suppose 5*n - m + 7 = 0. What is the greatest common fac